greatest common divisor of i and l?
16
Let t = 8 - 14. Let a = t - -7. Calculate the highest common divisor of a and 2.
1
Suppose 2*a = 9*a - 1729. What is the highest common factor of 19 and a?
19
Suppose -n - 42 = -9. Let b be n*8/6*-2. What is the greatest common divisor of b and 8?
8
Suppose -12*a - 24 = -16*a. Suppose -g - 11 = 3*c, -3*g + 0*g = c + 1. Let l(j) = -5*j + 4. Let v be l(c). Calculate the greatest common factor of v and a.
6
Suppose 0 = -5*z - 0*z + 375. What is the highest common factor of z and 30?
15
Suppose 2*f - 102 = -f. Suppose -6*x + x + 3*n + 85 = 0, 2*x - f = n. Calculate the highest common divisor of 17 and x.
17
Suppose 0 = -3*i + 1 - 49. Let m be (2/(-4))/((-2)/i). Let u be (-362)/(-8) - m/(-16). Calculate the highest common divisor of u and 9.
9
Suppose 0 = -s + 4*g + 34, s + 0*s - 5*g = 30. Let j = s - 30. Calculate the greatest common factor of j and 8.
4
Suppose -c = 5*f - 1 - 15, -f + 8 = 5*c. Let i(b) = b - b**3 + 4*b**3 - 1 - b**2 - 2*b. Let v be i(f). Calculate the greatest common divisor of 17 and v.
17
Let m(u) = 2*u - 3. Let t be m(2). Let p be t + (-20)/(-1) - 0. Calculate the highest common factor of 7 and p.
7
Let z(j) = -j**3 - 4*j**2 + 4*j - 2. Let p be z(-5). Let u be (2/(-3))/(p/(-135)). Calculate the highest common divisor of 20 and u.
10
Let c = -17 - -19. Suppose -3*x + c*x = -8. What is the highest common divisor of x and 72?
8
Suppose -3*h - 16 = -7*h. Suppose 5*o - 21 = h. Suppose 0 = 3*d - o - 1. Calculate the highest common factor of 14 and d.
2
Let m = 6 + 3. Let g = 0 + m. Let t be 6/(-9) + 1221/g. Calculate the greatest common divisor of t and 15.
15
Suppose -3*g - 38 = -c + g, g = 3*c - 59. Let k(r) = 9*r. Let l be k(3). Calculate the greatest common divisor of c and l.
9
Suppose 25 = 2*p + 3*q + 9, -16 = -2*p + 2*q. Let d(i) = 2*i**2 - 9*i - 8. Let l be d(p). Suppose -80 = -4*f - f. What is the greatest common factor of f and l?
16
Suppose -2*x + x + 2*u = -8, 18 = 2*x - 5*u. Calculate the highest common divisor of 1 and x.
1
Let v(g) = -2 + 1 - 2*g + 6*g - 4*g**2 - g**3 - 2. Let i be v(-5). Let h = i + 9. Calculate the highest common divisor of h and 11.
11
Let h = -38 + 57. What is the greatest common divisor of h and 95?
19
Suppose -3*p = -4*p + 44. Calculate the greatest common factor of 66 and p.
22
Let j(a) = 289*a - 1. Let v be j(1). Suppose -d = 2*d - v. Let y be (-243)/(-21) + (-6)/(-14). What is the greatest common factor of y and d?
12
Let s = -3 + 3. Suppose 4*j + 0*j - 120 = s. What is the greatest common factor of j and 10?
10
Let p be 60/9 + (-5)/3. What is the greatest common divisor of 5 and p?
5
Suppose -90*d = -91*d + 7. What is the highest common factor of 21 and d?
7
Let s be 6 + 3 + (-2 - 0). Calculate the highest common factor of 35 and s.
7
Let s be 1*(-36)/(-1) - 3. Suppose -2*a = -6*w + 3*w + 72, -2*w = 4*a - 32. Calculate the greatest common divisor of w and s.
11
Let f(k) = k**3 + 4*k**2 - 2*k - 1. Let a be f(3). Calculate the highest common factor of a and 140.
28
Let f(z) = -z**3 - 17*z**2 - 5*z - 17. Let i be f(-17). What is the greatest common factor of i and 102?
34
Let x(g) = 10*g + 1. Let k be x(1). Calculate the greatest common divisor of k and 33.
11
Suppose 329 = 5*q + 129. What is the greatest common divisor of 5 and q?
5
Let v(g) = g**3 + 8*g**2 - 6*g - 3. Suppose 0 = 4*h - 4*b + 40, -3*b + 6*b = 2*h + 22. Let k be v(h). What is the greatest common factor of k and 15?
15
Let a(b) = -2*b - 4. Let s be a(-3). Suppose 54 = 5*q - 4*p, -3*q - 19 = -4*p - 53. Calculate the greatest common factor of q and s.
2
Let f = 0 + 4. Calculate the greatest common divisor of 10 and f.
2
Let l(b) = -b**3 + 2*b**2 + 2*b - 2. Let p be l(3). Let k = p + 11. Let g be -33*(2 + 8/(-2)). Calculate the highest common factor of g and k.
6
Suppose -5*m + 36 = -4*f, -m = m. Let n = 16 + f. Let z be (-2)/(-8) - 1228/(-16). What is the highest common factor of n and z?
7
Let h = 10 - 1. Let g be (-328)/(-3) - (-6)/h. What is the highest common divisor of g and 10?
10
Let c(i) = i**2 + 17*i + 32. Let s be c(-17). What is the greatest common factor of 80 and s?
16
Let v = 9 - 7. Suppose -5*n + 451 = -2*q, -4*q - 16 + 206 = v*n. What is the highest common divisor of n and 13?
13
Let w be (-34)/(-4) + 3/(-2). What is the highest common factor of 28 and w?
7
Suppose 4*y - 672 - 208 = 0. What is the highest common divisor of y and 20?
20
Suppose 3*c + 0*c - 15 = 0. Let a(j) = -j**3 + 7*j**2 - 5*j - 4. Let z be a(6). Calculate the greatest common factor of c and z.
1
Suppose -5*d = -12*d + 105. What is the highest common factor of 285 and d?
15
Let r(z) = -z + 5. Let b be r(3). What is the greatest common divisor of b and 32?
2
Let p(c) = c - 8. Let w be p(14). Suppose -2*t + 8 = -w. What is the greatest common factor of t and 21?
7
Let c(p) = p**2 - 7*p + 11. Let d(l) = l**2 - 1. Let t be d(3). Let i be c(t). What is the highest common factor of 95 and i?
19
Suppose q - 4*q + 26 = -5*f, 0 = -5*q - 5*f - 10. Suppose h = q*h - 12. What is the highest common factor of h and 108?
12
Let a(d) = 13*d + 1. Let r be 3/((-6)/4) - -3. Let p be a(r). Calculate the greatest common divisor of 7 and p.
7
Let u be (-241)/(-9) - 6/(-27). Let a be ((-80)/6)/((-6)/u). Suppose 5*j - 4*v - 129 = -29, a = 3*j - 2*v. Calculate the greatest common factor of 4 and j.
4
Let u(w) = -w + 23. Let j be u(-25). What is the greatest common divisor of j and 192?
48
Let x be ((-3)/(-2))/((-2)/(-28)). Let m = 135 + -51. What is the highest common factor of m and x?
21
Let k(r) = r**2 - 6*r - 2. Let v be k(6). Let w be 7/(-9) + v/9. Let l = w - -10. Calculate the highest common divisor of 1 and l.
1
Let f be (-4 + (-36)/(-6))*1/2. What is the greatest common factor of 11 and f?
1
Let z(r) = r**2 + 11*r + 21. Let y be z(-9). What is the greatest common factor of y and 6?
3
Suppose r + 0*r - 5*m = 31, -4*r - 2*m + 36 = 0. Let a(v) = v**2 - v - 8. Let t be a(6). Calculate the highest common divisor of t and r.
11
Suppose 3*g = 5*y + 74, 3*y + 16 = 4. Calculate the highest common factor of 36 and g.
18
Let x = 284 + -64. Calculate the highest common divisor of 20 and x.
20
Let d be (0 - -3 - 0) + 0/(-19). What is the highest common divisor of 33 and d?
3
Let l = -3 - -3. Suppose 3*s + l*m - 1085 = 5*m, 3*s + 3*m - 1101 = 0. Let c = s + -257. Calculate the highest common divisor of c and 12.
12
Let c(o) be the second derivative of o**3/6 - o**2 + 3*o. Let u be c(6). Suppose -u*t = -8*t + 288. Calculate the greatest common divisor of 9 and t.
9
Suppose t - 5*t - 59 = -3*r, 3*t = -4*r + 62. What is the greatest common factor of r and 153?
17
Let i be (11 - 10)*(0 + 3). Let f(b) = -b - 3. Let r be f(-4). Let d = r + 2. Calculate the greatest common divisor of i and d.
3
Suppose 5*i - 166 = -3*c, 4*i - 78 = -c - 18. What is the highest common divisor of c and 39?
13
Suppose -l - 10 = -3*l. Let k(w) = 5*w**2 + 3. Let z be k(l). What is the greatest common divisor of z and 16?
16
Let x be (-2)/2 - -140 - -4. Let y = 0 + 13. What is the highest common factor of y and x?
13
Suppose 41 = 3*c - 2*d, -3*d - 25 - 20 = -3*c. Suppose -3*n + 38 = -259. Calculate the greatest common factor of c and n.
11
Suppose -91 = -73*t + 66*t. What is the greatest common factor of 208 and t?
13
Suppose -21*r - 3 = -24*r. What is the highest common factor of 5 and r?
1
Suppose -260 + 2132 = -3*a. Let n be a/(-18) - (-4)/(-6). Calculate the highest common factor of n and 85.
17
Suppose -2*y - 6*i = -2*i - 18, -4*y = 4*i - 40. Let p be ((-3)/9)/((-2)/132). Calculate the highest common divisor of y and p.
11
Let d(z) = -z**3 + 6*z**2 + 13*z - 1. Let t be d(7). Calculate the greatest common factor of 123 and t.
41
Suppose 0 = -h - 4 + 3. Let a be (-1 - (h - -1))*-1. What is the highest common factor of a and 11?
1
Let m(q) = q - 2. Let l be m(6). Let k(n) = 6*n + 58. Let p be k(-7). What is the highest common factor of p and l?
4
Let q(m) = -m**2 + 7*m - 6. Let u be q(6). Let a(y) = y**2 + 2. Let c be a(u). Let d be (36 - 0)*(44/(-8))/(-11). What is the highest common factor of d and c?
2
Let i(d) = -d**3 - d**2 + 9*d - 23. Let p be i(-7). Calculate the highest common divisor of p and 13.
13
Let i(k) = 18*k**2 - 5*k - 1. Let t be i(-4). Suppose 2